{"id":3,"date":"2018-11-07T11:58:52","date_gmt":"2018-11-07T10:58:52","guid":{"rendered":"http:\/\/www.treehouseflowerbox.it\/?page_id=3"},"modified":"2024-01-08T14:17:50","modified_gmt":"2024-01-08T13:17:50","slug":"privacy-policy","status":"publish","type":"page","link":"https:\/\/www.treehouseflowerdesign.it\/index.php\/privacy-policy\/","title":{"rendered":"Privacy Policy"},"content":{"rendered":"<p>Trattamento dei dati personali effettuato nell\u2019ambito della navigazione del sito internet <a href=\"https:\/\/www.treehouseflowerdesign.it\/\">https:\/\/www.treehouseflowerdesign.it\/<b>\u00a0<\/b><\/a>(di seguito il \u201cSito\u201d).<\/p>\n<div>\n<p>1. Titolare del trattamento<\/p>\n<p>I tuoi dati personali saranno trattati da:<\/p>\n<p>TREEHOUSE WEDDING DI BENEDETTA BOSCARELLI &amp; ELENA BENUSSI\u00a0 con sede in Via San Marco 14, 29121 Piacenza\u00a0 \u00a0e avente P.iva IT10728150333.<\/p>\n<p>Puoi contattare i Titolari del Trattamento per iscritto all\u2019indirizzo al seguente indirizzo:<br \/>\nTREEHOUSE WEDDING DI BENEDETTA BOSCARELLI &amp; ELENA BENUSSI\u00a0 con sede in Via San Marco 14, 29121 Piacenza\u00a0 \u00a0e avente P.iva IT10728150333.<\/p>\n<p>2. Finalit\u00e0 del trattamento<\/p>\n<p><strong>https:\/\/www.treehouseflowerdesign.it\/<\/strong> utilizzer\u00e0 i dati raccolti tramite il Sito web esclusivamente per le seguenti finalit\u00e0:<\/p>\n<p>a. Registrazione al sito<br \/>\nPuoi decidere di registrarti al Sito web creando un account protetto da password con i tuoi dati anagrafici. Registrandoti al sito, con il tuo consenso https:\/\/www.treehouseflowerdesign.it\/<strong>\u00a0<\/strong>\u00a0tratter\u00e0 i tuoi dati affinch\u00e9 tu possa usufruire di alcuni servizi come, tra l\u2019altro, vedere i dati degli ordini in corso e quelli evasi o resi di recente. Registrandoti puoi inoltre amministrare i consensi rilasciati per l\u2019iscrizione alla newsletter e la profilazione.<\/p>\n<p>b. Finalit\u00e0 connesse alla gestione del rapporto contrattuale<br \/>\nSe acquisti prodotti nel nostro Sito web, ti verranno richiesti alcuni dati personali comuni (nome, cognome, indirizzo, e-mail, dati relativi al mezzo di pagamento), per l\u2019esecuzione dell\u2019ordine di acquisto.<strong> https:\/\/www.treehouseflowerdesign.it\/<\/strong>\u00a0rileva ed elabora i tuoi dati per la completa esecuzione dell\u2019acquisto, comprese le successive procedure di garanzia e i servizi di amministrazione tecnica e commerciale, come anche per impedire reati e truffe. I tuoi dati personali vengono trasmessi a terzi solo per quanto ci\u00f2 sia ammesso per legge, compresi gli scopi dell\u2019esecuzione del contatto o della fatturazione. Nell\u2019ambito dello svolgimento dell\u2019ordine, ad esempio, i prestatori di servizi che incarichiamo (ad esempio: vettore, azienda logistica, banche) ricevono i dati necessari a svolgere l\u2019ordinazione e l\u2019incarico. I prestatori di servizi che incarichiamo possono usare i dati cos\u00ec trasmessi solamente allo scopo dell\u2019adempimento del loro compito.<\/p>\n<p>c. Finalit\u00e0 connesse ad attivit\u00e0 di marketing<br \/>\nCon il tuo specifico consenso, i dati personali rilasciati nelle pagine di iscrizione al servizio newsletter e di registrazione al sito, saranno utilizzati per le seguenti finalit\u00e0: raccolta, registrazione ed elaborazione dei dati di acquisto, invio di materiale pubblicitario\/informativo\/promozionale, operazioni promozionali ed offerte di <strong>https:\/\/www.treehouseflowerdesign.it\/<\/strong><\/p>\n<p>d. Finalit\u00e0 connesse al servizio di customer care<br \/>\nNel caso in cui tu voglia richiedere qualsiasi informazione tramite la sezione \u201ccontattaci\u201d del sito web, sia per iscritto sia telefonando al numero telefonico indicato, ti verranno richiesti alcuni dati personali per la gestione della richiesta, alcuni dei quali (nome, cognome e indirizzo e-mail) sono richiesti obbligatoriamente. Il consenso al trattamento di questi dati ci consentir\u00e0 di evadere le tue richieste. Nessun altro uso dei dati sar\u00e0 effettuato se non per la gestione della richiesta inoltrata.<\/p>\n<p>3. Modalit\u00e0 di utilizzo<\/p>\n<p><strong>https:\/\/www.treehouseflowerdesign.it\/<\/strong> ha come obiettivo la tutela dei tuoi dati personali ed impronta il loro trattamento ai principi di correttezza, liceit\u00e0 e trasparenza. Ti informiamo, pertanto, che i tuoi dati personali saranno trattati, tramite l\u2019utilizzo di strumenti e procedure idonee a garantire la sicurezza e la riservatezza, mediante strumenti informatici e telematici nonch\u00e9 mediante supporti e archivi cartacei.<\/p>\n<p>4. Tempi di conservazione<\/p>\n<p><strong>https:\/\/www.treehouseflowerdesign.it\/<\/strong>\u00a0conserver\u00e0 i tuoi dati personali per periodi di tempo diversi, a seconda delle finalit\u00e0 per le quali sono stati raccolti:<\/p>\n<p>&#8211; se disponi di un account, conserveremo i tuoi dati personali finch\u00e9 l&#8217;account rimarr\u00e0 attivo;<\/p>\n<p>&#8211; se ti sei iscritto al servizio di newsletter conserveremo i tuoi dati fino a quando ci avrai comunicato l\u2019intenzione di cancellare la tua sottoscrizione al servizio.<\/p>\n<p>5. Diritti dell\u2019interessato<\/p>\n<p>Ti informiamo che hai il diritto di chiedere a <strong>https:\/\/www.treehouseflowerdesign.it\/<\/strong>\u00a0di accedere ai tuoi dati personali e di rettificarli se inesatti, di cancellarli o limitarne il trattamento se ne ricorrono i presupposti, oppure di opporti al loro trattamento per legittimi interessi perseguiti dalla ns. Societ\u00e0, nonch\u00e9 di ottenere la portabilit\u00e0 dei dati forniti, solo se oggetto di un trattamento automatizzato basato sul tuo consenso o sul contratto.<\/p>\n<p>Hai altres\u00ec il diritto di revocare il consenso prestato per le finalit\u00e0 di trattamento che lo richiedono, ferma restando la liceit\u00e0 del trattamento effettuato sino al momento della revoca.<br \/>\nTi informiamo che puoi esercitare i tuoi diritti contattando il Titolare ai recapiti indicati al punto 1. Ti ricordiamo inoltre che hai il diritto di proporre reclamo al Garante per la protezione dei dati personali.<\/p>\n<\/div>\n","protected":false},"excerpt":{"rendered":"<p>Trattamento dei dati personali effettuato nell\u2019ambito della navigazione del sito internet https:\/\/www.treehouseflowerdesign.it\/\u00a0(di seguito il \u201cSito\u201d). 1. Titolare del trattamento I tuoi dati personali saranno trattati da: TREEHOUSE WEDDING DI BENEDETTA BOSCARELLI &amp; ELENA BENUSSI\u00a0 con sede in Via San Marco 14, 29121 Piacenza\u00a0 \u00a0e avente&#8230;<\/p>\n","protected":false},"author":1,"featured_media":0,"parent":0,"menu_order":0,"comment_status":"closed","ping_status":"closed","template":"","meta":{"om_disable_all_campaigns":false,"footnotes":""},"aioseo_notices":[],"_links":{"self":[{"href":"https:\/\/www.treehouseflowerdesign.it\/index.php\/wp-json\/wp\/v2\/pages\/3"}],"collection":[{"href":"https:\/\/www.treehouseflowerdesign.it\/index.php\/wp-json\/wp\/v2\/pages"}],"about":[{"href":"https:\/\/www.treehouseflowerdesign.it\/index.php\/wp-json\/wp\/v2\/types\/page"}],"author":[{"embeddable":true,"href":"https:\/\/www.treehouseflowerdesign.it\/index.php\/wp-json\/wp\/v2\/users\/1"}],"replies":[{"embeddable":true,"href":"https:\/\/www.treehouseflowerdesign.it\/index.php\/wp-json\/wp\/v2\/comments?post=3"}],"version-history":[{"count":1,"href":"https:\/\/www.treehouseflowerdesign.it\/index.php\/wp-json\/wp\/v2\/pages\/3\/revisions"}],"predecessor-version":[{"id":12019,"href":"https:\/\/www.treehouseflowerdesign.it\/index.php\/wp-json\/wp\/v2\/pages\/3\/revisions\/12019"}],"wp:attachment":[{"href":"https:\/\/www.treehouseflowerdesign.it\/index.php\/wp-json\/wp\/v2\/media?parent=3"}],"curies":[{"name":"wp","href":"https:\/\/api.w.org\/{rel}","templated":true}]}}